?
True
Is 441247307 a prime number?
True
Is 7099122757 a composite number?
False
Is 273468157 a prime number?
True
Is 36979356731 a prime number?
False
Is 1148215723 a prime number?
True
Is 1466737774 prime?
False
Is 4566748427 prime?
False
Is 136892827 composite?
False
Is 1759881881 a composite number?
True
Is 5188393855 a composite number?
True
Is 41518670794 composite?
True
Is 4064926939 a prime number?
True
Is 28439731 a composite number?
False
Is 7380757093 a composite number?
True
Is 2142931067 a prime number?
True
Is 113681441843 a prime number?
False
Is 36146143763 prime?
False
Is 8214002323 composite?
False
Is 3789340039 a prime number?
False
Is 6735335461 composite?
False
Is 38495285 prime?
False
Is 2253320015 a composite number?
True
Is 1260725171 composite?
False
Is 3139028957 prime?
True
Is 7698098099 composite?
False
Is 1807159946 a prime number?
False
Is 2636033749 prime?
False
Is 299031871 prime?
False
Is 121372610911 a prime number?
False
Is 396501001 a composite number?
True
Is 9976117989 prime?
False
Is 5460979681 composite?
True
Is 2254000883 a composite number?
True
Is 46656413 a composite number?
True
Is 5310656839 a prime number?
False
Is 144769258367 composite?
False
Is 4067162257 composite?
False
Is 24190429 a composite number?
False
Is 3644311157 a composite number?
False
Is 800870185 a prime number?
False
Is 29858346443 prime?
False
Is 2472389063 composite?
False
Is 199466591 prime?
True
Is 2854776431 a prime number?
False
Is 6933946039 composite?
True
Is 4903962223 prime?
False
Is 2802167009 a composite number?
True
Is 2774953789 a composite number?
True
Is 333861959 a prime number?
True
Is 25320175469 a prime number?
True
Is 316220557 prime?
False
Is 24629908253 prime?
False
Is 1849657037 prime?
False
Is 13608909211 prime?
False
Is 469100227 a prime number?
False
Is 723456883 composite?
True
Is 451383377 composite?
True
Is 135664365619 composite?
True
Is 80426715367 prime?
True
Is 12870620647 a composite number?
True
Is 37079080991 a prime number?
True
Is 205325945933 prime?
True
Is 41309474303 composite?
False
Is 74632909543 a composite number?
False
Is 3201562781 prime?
True
Is 54184448599 prime?
False
Is 1464836111 a composite number?
False
Is 36675406259 composite?
False
Is 6485276617 prime?
False
Is 108157541 a composite number?
True
Is 398129437 a composite number?
False
Is 962138231 prime?
False
Is 5619017051 prime?
False
Is 268837201471 composite?
True
Is 6224483663 composite?
False
Is 610038361 composite?
True
Is 1765325273 prime?
False
Is 1304608183 a prime number?
True
Is 39491200763 composite?
True
Is 5810883283 composite?
True
Is 122850769 prime?
True
Is 161172263 a composite number?
True
Is 3393980221 a composite number?
True
Is 453121259755 composite?
True
Is 6109164541 a composite number?
True
Is 52709380433 composite?
False
Is 1123461749 a composite number?
True
Is 1911577001 a prime number?
True
Is 41678563403 a composite number?
False
Is 2827070357 composite?
False
Is 37421633 a composite number?
True
Is 1169331923 a prime number?
True
Is 145263667349 prime?
True
Is 985180017 a prime number?
False
Is 4789333453 composite?
False
Is 164101151 prime?
True
Is 4253024527 a composite number?
True
Is 11623663 prime?
False
Is 3357049763 a composite number?
False
Is 2137450883 composite?
True
Is 1813266409 prime?
False
Is 158244887 composite?
False
Is 11357407147 prime?
True
Is 6374532446 composite?
True
Is 159484061678 composite?
True
Is 232046489 a composite number?
True
Is 47278287613 prime?
False
Is 2116126559 a composite number?
False
Is 4769601037 prime?
True
Is 29714302351 a prime number?
True
Is 11626230047 prime?
False
Is 370649041 a prime number?
False
Is 11610806617 a prime number?
False
Is 2056582321 prime?
True
Is 21283054259 prime?
True
Is 7755883721 prime?
False
Is 30051951253 prime?
True
Is 449526670735 a composite number?
True
Is 571808561 prime?
True
Is 7478983949 composite?
True
Is 1854327998 a prime number?
False
Is 550454759 prime?
False
Is 1729631327 prime?
False
Is 10740487363 prime?
True
Is 15381218959 a prime number?
True
Is 815473921 prime?
False
Is 16234555471 a composite number?
False
Is 7599516857 prime?
True
Is 2508706513 prime?
False
Is 74404935649 composite?
True
Is 18016718123 a composite number?
True
Is 93221126171 composite?
True
Is 7279108219 prime?
True
Is 398967043 composite?
False
Is 21234355678 a prime number?
False
Is 404937601 prime?
True
Is 57095290297 a composite number?
False
Is 35925778507 a prime number?
True
Is 2245154633 composite?
True
Is 16337588797 prime?
False
Is 49949959 a composite number?
True
Is 9659222587 prime?
False
Is 1759533157 composite?
False
Is 471750847 prime?
True
Is 1715564243 prime?
False
Is 358701248329 a composite number?
False
Is 893259551 composite?
True
Is 403305893 a composite number?
False
Is 1191812147 a composite number?
True
Is 7825347721 composite?
False
Is 67020350797 prime?
True
Is 917041343 composite?
True
Is 1434132683 composite?
False
Is 984944749 a composite number?
False
Is 1005588533 a composite number?
False
Is 7158086623 a prime number?
False
Is 1247191853 prime?
False
Is 2308391477 a prime number?
False
Is 29366838731 a composite number?
False
Is 1112992511 a prime number?
False
Is 20091866 prime?
False
Is 13577040307 a composite number?
False
Is 13914416297 prime?
True
Is 795520399 a prime number?
False
Is 276559097 a prime number?
False
Is 63380071 composite?
False
Is 14873971 prime?
False
Is 406290697 prime?
False
Is 8237411027 a composite number?
False
Is 121457731 a composite number?
False
Is 276809591 a composite number?
False
Is 503313607 a prime number?
True
Is 121686223297 composite?
False
Is 749833919 a prime number?
True
Is 26463145561 prime?
False
Is 163297957 a prime number?
False
Is 1907834117 a prime number?
False
Is 49740051 a composite number?
True
Is 2181835207 a prime number?
True
Is 2056226437 a prime number?
False
Is 21055537619 composite?
True
Is 37776607189 a composite number?
True
Is 2386966497 composite?
True
Is 4588367549 composite?
False
Is 257131519 a composite number?
True
Is 54950487539 prime?
True
Is 7194736259 a prime number?
True
Is 14992931111 a composite number?
True
Is 50934383879 prime?
True
Is 10952419903 a composite number?
True
Is 6402087815 composite?
True
Is 752712157 prime?
True
Is 10773575409 a composite number?
True
Is 634934273 prime?
True
Is 1047850269 a composite number?
True
Is 528013847 a prime number?
True
Is 3905904533 prime?
True
Is 1771074511 a composite number?
False
Is 8877562513 composite?
False
Is 2740897669 a prime number?
False
Is 604432723 a prime number?
False
Is 293026007 a composite number?
False
Is 1482796901 a composite number?
False
Is 358392025837 a prime number?
True
Is 254593459 a prime number?
True
Is 15808365361 composite?
False
Is 19237225729 prime?
False
Is 35628502601 prime?
True
Is 1718818301 a composite number?
True
Is 165464573563 a composite number?
False
Is 188835504593 a prime number?
True
Is 559875643 a composite number?
True
Is 80358307 prime?
True
Is 707314021 prime?
True
Is 9728290217 a prime number?
False
Is 12342334499 prime?
False
Is 189913001601 prime?
False
Is 1104800117 prime?
True
Is 6952684729 a composite number?
False
Is 1794007121 prime?
True
Is 6437457233 a prime number?
True
Is 276740327 a composite number?
False
Is 3046681219 prime?
True
Is 41637837671 a prime number?
False
Is 410289379 a composite number?
False
Is 33946317557 prime?
True
Is 88792669 a prime number?
False
Is 2747728289 a prime number?
True
Is 106713160999 a prime number?
False
Is 31377716111 composite?
True
Is 68533639 a composite number?
False
Is 2220142583 composite?
False
Is 1013451623 composite?
True
Is 3238320517 a composite number?
True
Is 3680589629 prime?
True
Is 13870320379 prime?
True
Is 773097881 a prime number?
False
Is 142702965213 a composite number?
True
Is 328532226961 prime?
False
Is 10237340719 a composite number?
True
Is 2792209057 prime?
False
Is 8661542671 a prime number?
True
Is 1673235643 a prime number?
True
Is 7595478481 composite?
False
Is 7972578641 a composite number?
True
Is 480590419 composite?
True
Is 15452704481 a prime number?
True
Is 176264953 a prime number?
True
Is 1053453743 prime?
True
Is 44070201079 a prime nu